t is the ten thousands digit of 622490?
2
What is the thousands digit of 3870209?
0
What is the thousands digit of 1043371?
3
What is the hundred thousands digit of 21309762?
3
What is the hundred thousands digit of 957228?
9
What is the hundreds digit of 23122?
1
What is the hundreds digit of 98109?
1
What is the ten thousands digit of 362032?
6
What is the units digit of 32728498?
8
What is the thousands digit of 817690?
7
What is the units digit of 5775898?
8
What is the thousands digit of 163249?
3
What is the units digit of 7994?
4
What is the hundred thousands digit of 122195?
1
What is the hundreds digit of 432676?
6
What is the units digit of 19738254?
4
What is the hundreds digit of 136618?
6
What is the ten thousands digit of 5183815?
8
What is the hundred thousands digit of 2789134?
7
What is the ten thousands digit of 10054854?
5
What is the hundred thousands digit of 3398198?
3
What is the hundreds digit of 4851982?
9
What is the ten thousands digit of 1607223?
0
What is the hundreds digit of 73686?
6
What is the ten millions digit of 16715034?
1
What is the thousands digit of 14982302?
2
What is the hundred thousands digit of 1906573?
9
What is the thousands digit of 303935?
3
What is the thousands digit of 8246470?
6
What is the hundreds digit of 2660024?
0
What is the hundred thousands digit of 1022768?
0
What is the hundreds digit of 983227?
2
What is the millions digit of 2459831?
2
What is the tens digit of 23455?
5
What is the ten thousands digit of 282814?
8
What is the units digit of 5110868?
8
What is the tens digit of 10183521?
2
What is the tens digit of 4189881?
8
What is the hundred thousands digit of 252258?
2
What is the hundreds digit of 10945096?
0
What is the thousands digit of 174466?
4
What is the ten thousands digit of 53566?
5
What is the millions digit of 23257836?
3
What is the units digit of 567049?
9
What is the hundred thousands digit of 6321975?
3
What is the ten thousands digit of 1690016?
9
What is the hundreds digit of 2607242?
2
What is the tens digit of 651932?
3
What is the ten thousands digit of 22595590?
9
What is the units digit of 598528?
8
What is the hundred thousands digit of 2400306?
4
What is the hundreds digit of 334144?
1
What is the units digit of 5880?
0
What is the tens digit of 962881?
8
What is the hundreds digit of 17497967?
9
What is the millions digit of 11816281?
1
What is the tens digit of 944664?
6
What is the units digit of 220938?
8
What is the thousands digit of 16371586?
1
What is the tens digit of 17894657?
5
What is the millions digit of 1392694?
1
What is the tens digit of 22469?
6
What is the units digit of 1986598?
8
What is the hundreds digit of 8168695?
6
What is the tens digit of 3511147?
4
What is the hundreds digit of 15694?
6
What is the tens digit of 240451?
5
What is the hundreds digit of 165741?
7
What is the units digit of 293803?
3
What is the hundred thousands digit of 309843?
3
What is the ten thousands digit of 3948201?
4
What is the hundreds digit of 37054680?
6
What is the hundreds digit of 1657780?
7
What is the hundreds digit of 4459918?
9
What is the tens digit of 8808451?
5
What is the hundreds digit of 46094?
0
What is the tens digit of 8280?
8
What is the ten thousands digit of 358885?
5
What is the hundreds digit of 1524818?
8
What is the hundreds digit of 193461?
4
What is the tens digit of 5537841?
4
What is the hundreds digit of 10185367?
3
What is the ten thousands digit of 158367?
5
What is the thousands digit of 134683?
4
What is the units digit of 467310?
0
What is the tens digit of 1637295?
9
What is the thousands digit of 4298837?
8
What is the units digit of 7013452?
2
What is the units digit of 705203?
3
What is the hundreds digit of 34815?
8
What is the tens digit of 7222022?
2
What is the units digit of 574292?
2
What is the hundreds digit of 1812194?
1
What is the thousands digit of 8133421?
3
What is the thousands digit of 155964?
5
What is the hundred thousands digit of 11965748?
9
What is the tens digit of 2606956?
5
What is the hundred thousands digit of 295138?
2
What is the hundreds digit of 7104133?
1
What is the hundred thousands digit of 14668601?
6
What is the thousands digit of 2122288?
2
What is the thousands digit of 97817?
7
What is the tens digit of 2029276?
7
What is the units digit of 1793898?
8
What is the thousands digit of 360023?
0
What is the ten thousands digit of 40031643?
3
What is the units digit of 2455?
5
What is the thousands digit of 117143?
7
What is the hundreds digit of 1985871?
8
What is the hundred thousands digit of 2051597?
0
What is the ten millions digit of 11345694?
1
What is the units digit of 1664874?
4
What is the thousands digit of 11475026?
5
What is the hundred thousands digit of 534857?
5
What is the tens digit of 23632244?
4
What is the ten thousands digit of 5818153?
1
What is the thousands digit of 797293?
7
What is the hundred thousands digit of 287413?
2
What is the ten thousands digit of 1265211?
6
What is the hundreds digit of 199490?
4
What is the units digit of 1798716?
6
What is the hundreds digit of 486637?
6
What is the thousands digit of 2093881?
3
What is the tens digit of 2970506?
0
What is the thousands digit of 1033448?
3
What is the tens digit of 228494?
9
What is the hundreds digit of 2293311?
3
What is the millions digit of 6748782?
6
What is the thousands digit of 2062651?
2
What is the thousands digit of 4664388?
4
What is the tens digit of 3251881?
8
What is the ten thousands digit of 31520073?
2
What is the hundreds digit of 10511088?
0
What is the tens digit of 4350500?
0
What is the thousands digit of 2923012?
3
What is the hundreds digit of 4701812?
8
What is the thousands digit of 400406?
0
What is the tens digit of 175730?
3
What is the tens digit of 1458153?
5
What is the units digit of 1054061?
1
What is the millions digit of 1157674?
1
What is the hundred thousands digit of 155894?
1
What is the thousands digit of 8885157?
5
What is the units digit of 2773974?
4
What is the thousands digit of 430483?
0
What is the hundreds digit of 145287?
2
What is the ten thousands digit of 374383?
7
What is the thousands digit of 26039?
6
What is the units digit of 1437376?
6
What is the tens digit of 296240?
4
What is the tens digit of 3698196?
9
What is the tens digit of 875128?
2
What is the units digit of 4713507?
7
What is the tens digit of 1181858?
5
What is the hundreds digit of 11749853?
8
What is the hundreds digit of 4688067?
0
What is the millions digit of 2490523?
2
What is the thousands digit of 568773?
8
What is the tens digit of 1965732?
3
What is the tens digit of 6738203?
0
What is the ten thousands digit of 947311?
4
What is the tens digit of 18545506?
0
What is the millions digit of 1484837?
1
What is the ten thousands digit of 5169904?
6
What is the thousands digit of 369593?
9
What is the hundreds digit of 3112416?
4
What is the ten thousands digit of 7337641?
3
What is the ten thousands digit of 480366?
8
What is the hundreds digit of 3620577?
5
What is the ten thousands digit of 8955043?
5
What is the units digit of 850687?
7
What is the units digit of 1751829?
9
What is the millions digit of 10598507?
0
What is the millions digit of 26083665?
6
What is the units digit of 793496?
6
What is the hundreds digit of 119326?
3
What is the hundred thousands digit of 1575558?
5
What is the millions digit of 5160501?
5
What is the tens digit of 507313?
1
What is the hundreds digit of 1691150?
1
What is the thousands digit of 1966542?
6
What is the units digit of 180230?
0
What is the units digit of 13655172?
2
What is the units digit of 702740?
0
What is the ten thousands digit of 207879?
0
What is the hundreds digit of 1339285?
2
What is the units digit of 323250?
0
What is the tens digit of 358145?
4
What is the units digit of 8585344?
4
What is the units digit of 155075?
5
What is the hundreds digit of 547486?
4
What is the thousands digit of 949079?
9
What is the hundreds digit of 5447152?
1
What is the units digit of 316356?
6
What is the ten thousands digit of 209725?
0
What is the ten thousands digit of 23223204?
2
What is the tens digit of 224515?
1
What is the hundreds digit of 457449?
4
What is the hundred thousands digit of 1456856?
4
W